9 a prime number?
False
Is 10199963927 prime?
True
Is 997194827 a prime number?
False
Is 1986932989 a prime number?
True
Is 661090303 composite?
True
Is 2033848931 prime?
True
Is 2851684937 a prime number?
False
Is 544817233 a prime number?
True
Is 318262733 prime?
False
Is 94611271 a prime number?
True
Is 102573337 a prime number?
False
Is 98931967 a composite number?
True
Is 19342060789 prime?
False
Is 59945285831 a prime number?
True
Is 1912127797 a prime number?
True
Is 76056433 a composite number?
False
Is 15077784581 a prime number?
False
Is 343051593649 prime?
True
Is 909712669 composite?
False
Is 18624462394 a composite number?
True
Is 346065023 composite?
True
Is 4249550323 a prime number?
False
Is 26194551469 composite?
False
Is 10154408821 a composite number?
False
Is 10773109837 prime?
False
Is 137848091 prime?
True
Is 194630791 prime?
False
Is 2749544747 composite?
True
Is 1941329387 a composite number?
True
Is 23729523749 a prime number?
True
Is 1215978409 prime?
True
Is 1683963817 a prime number?
True
Is 20172455033 composite?
True
Is 1270637911 composite?
False
Is 1621617007 a composite number?
False
Is 28990640779 composite?
True
Is 140505259 a composite number?
False
Is 673382999 composite?
False
Is 18462523931 a prime number?
True
Is 940343659 a composite number?
False
Is 805174669 a composite number?
True
Is 1841280569 a prime number?
True
Is 4415634061 composite?
False
Is 199424105 a composite number?
True
Is 3605214559 composite?
True
Is 848508569 composite?
True
Is 2185483367 a composite number?
False
Is 139203143 a prime number?
False
Is 14874418609 prime?
True
Is 725136982 prime?
False
Is 173669601779 composite?
False
Is 9744286267 a prime number?
True
Is 271136549 a prime number?
True
Is 31797510319 a composite number?
True
Is 790103099 a prime number?
True
Is 51669167 a composite number?
True
Is 1515120941 composite?
False
Is 79186869037 a composite number?
True
Is 626268197 prime?
True
Is 6319646897 prime?
True
Is 13082681 a prime number?
False
Is 73803067513 composite?
True
Is 106300849 a prime number?
True
Is 1391935613 composite?
False
Is 123188383 a composite number?
False
Is 2138497061 a composite number?
False
Is 4036084573 prime?
False
Is 40613381 a prime number?
True
Is 17957606 prime?
False
Is 64315008635 composite?
True
Is 28700816119 composite?
False
Is 82397314 a composite number?
True
Is 256032911 prime?
True
Is 973518737 prime?
False
Is 1111934557 prime?
True
Is 34365022169 a composite number?
False
Is 38749535879 a composite number?
False
Is 28402271639 a composite number?
True
Is 8754899593 a prime number?
False
Is 31970768887 a composite number?
True
Is 720941323 a prime number?
True
Is 317002907759 a composite number?
False
Is 19839651289 a composite number?
True
Is 10681507091 a composite number?
True
Is 69274455007 a composite number?
True
Is 5812690783 a prime number?
False
Is 848493029 composite?
True
Is 76859803 a prime number?
True
Is 5211806297 composite?
True
Is 209288579 a prime number?
False
Is 118432274173 prime?
False
Is 31525752361 a prime number?
False
Is 34116404327 composite?
True
Is 90327437 prime?
True
Is 12151651319 composite?
True
Is 178185563 a composite number?
True
Is 121425131 composite?
False
Is 716564851 a prime number?
True
Is 261347167241 composite?
False
Is 5813415577 composite?
True
Is 554634637 prime?
False
Is 43070957819 composite?
True
Is 86810059823 prime?
False
Is 3066472517 a prime number?
False
Is 6578906519 composite?
False
Is 605265053 a composite number?
False
Is 29566360289 a prime number?
False
Is 9447096781 prime?
True
Is 256838312033 a composite number?
True
Is 85547900134 a prime number?
False
Is 202443014563 composite?
False
Is 8827691371 composite?
True
Is 6093683 a prime number?
False
Is 159646471 composite?
False
Is 164781779 composite?
False
Is 413816191 a composite number?
False
Is 115869959243 composite?
False
Is 18358817 prime?
True
Is 15321915473 a composite number?
False
Is 5627552009 composite?
True
Is 212311003 prime?
True
Is 46006752313 prime?
False
Is 331685383 prime?
False
Is 1279576531 a composite number?
True
Is 11016798421 prime?
True
Is 18419027 prime?
False
Is 503541881 a composite number?
False
Is 5890336601 a composite number?
False
Is 1943747843 a composite number?
True
Is 33919711799 prime?
True
Is 69100649 a composite number?
True
Is 352946353 a composite number?
False
Is 1036650611 prime?
True
Is 63508436759 composite?
True
Is 1863351767 a prime number?
False
Is 2117823359 prime?
False
Is 84923816739 prime?
False
Is 38025038335 composite?
True
Is 1442070181 prime?
False
Is 8419182185 a composite number?
True
Is 273289161049 a composite number?
True
Is 61975680439 composite?
False
Is 22039235287 a prime number?
False
Is 4584497921 prime?
True
Is 89034723353 composite?
False
Is 42726875329 a composite number?
False
Is 49498529173 a prime number?
False
Is 1010723227 a composite number?
False
Is 1626478729 a composite number?
False
Is 14933723053 a prime number?
False
Is 198963539 composite?
False
Is 460931321 a prime number?
True
Is 230530607 a prime number?
True
Is 17969532367 a prime number?
False
Is 638283487 a composite number?
True
Is 2717407031 prime?
True
Is 1084932831 composite?
True
Is 1019435629 a prime number?
False
Is 102683301589 prime?
False
Is 24234397729 a prime number?
False
Is 1169453339 prime?
False
Is 45912726533 a prime number?
False
Is 107073700823 prime?
True
Is 523843667 a composite number?
True
Is 2509142479 composite?
False
Is 15660456799 a composite number?
True
Is 550174741 a prime number?
True
Is 64268213407 prime?
True
Is 10841455297 composite?
True
Is 136491161 composite?
False
Is 58139046881 prime?
False
Is 47836054519 a composite number?
True
Is 6423806891 composite?
False
Is 88432771 prime?
False
Is 20968753817 prime?
False
Is 543236377 composite?
True
Is 5296985747 a composite number?
False
Is 85144786513 a prime number?
False
Is 4034978765 a prime number?
False
Is 73681224803 a composite number?
False
Is 26004528637 a prime number?
False
Is 3984331807 a prime number?
False
Is 40496558717 a composite number?
True
Is 25522069151 a composite number?
False
Is 13851313649 a composite number?
True
Is 4518766513 composite?
False
Is 238829489 composite?
False
Is 10603514681 a composite number?
False
Is 220755133 prime?
True
Is 66430589 prime?
True
Is 8918255371 prime?
True
Is 1217447587 prime?
True
Is 5141762531 composite?
False
Is 88635944879 a prime number?
True
Is 7566257747 a prime number?
True
Is 2528651173 a prime number?
False
Is 230990971 a composite number?
True
Is 199483186619 composite?
False
Is 334460029 a composite number?
False
Is 31720206113 a prime number?
False
Is 532033354 composite?
True
Is 47760799 prime?
True
Is 321961811 a composite number?
False
Is 20462150141 a prime number?
False
Is 11278261309 a composite number?
True
Is 501337751 a composite number?
True
Is 890448613 a composite number?
False
Is 24535583 a prime number?
False
Is 1639211207 prime?
True
Is 11191266403 a composite number?
False
Is 2118386831 a composite number?
True
Is 180410258333 composite?
False
Is 3353739899 a composite number?
True
Is 877418261 prime?
False
Is 73567098083 composite?
False
Is 3177518881 composite?
True
Is 7306401667 prime?
True
Is 61291421 a prime number?
True
Is 128701343 a prime number?
False
Is 14534190269 a composite number?
True
Is 13671394903 composite?
False
Is 220876703 prime?
False
Is 5586458959 a prime number?
True
Is 5305010519 a prime number?
True
Is 1361736547 prime?
True
Is 59198819 a prime number?
True
Is 685590469 a prime number?
True
Is 1327104697 prime?
False
Is 188444390183 a prime number?
False
Is 2767855423 composite?
False
Is 10691267 composite?
False
Is 33093008731 composite?
False
Is 5523456707 a prime number?
False
Is 478291241 a prime number?
True
Is 17973235673 a prime number?
True
Is 369772107 prime?
False
Is 11883105643 composite?
False
Is 7896429019 a composite number?
False
Is 950859127 prime?
False
Is 9067548293 a prime number?
False
Is 135594242054 prime?
False
Is 11600703937 a prime number?
True
Is 46353059141 prime?
False
Is 5789997427 a prime number?
False
Is 726082723 composite?
False
Is 7171283123 a prime number?
True
Is 2365661437 a composite number?